{"id":2063,"date":"2024-03-14T23:53:39","date_gmt":"2024-03-15T02:53:39","guid":{"rendered":"https:\/\/hydroglass.com.ar\/clientes\/?post_type=product&#038;p=2063"},"modified":"2026-03-07T14:05:00","modified_gmt":"2026-03-07T17:05:00","slug":"espatula","status":"publish","type":"product","link":"https:\/\/hydroglass.com.ar\/clientes\/producto\/espatula\/","title":{"rendered":"Espatula Dispositivos"},"content":{"rendered":"","protected":false},"excerpt":{"rendered":"<p>La herramienta indispensable para el trabajo diario en el punto de venta. Esta esp\u00e1tula de colocaci\u00f3n est\u00e1ndar cuenta con el tama\u00f1o perfecto y la rigidez exacta para aplicar films con total control y precisi\u00f3n en dispositivos m\u00f3viles. Su dise\u00f1o ergon\u00f3mico permite aplicar la presi\u00f3n justa para contornear bordes curvos y asegurar una adherencia perfecta del film, evitando el levantamiento en los bordes.<br \/>\nEs ideal para Smartphones de todos los tama\u00f1os, smartwatches y lentes de c\u00e1maras.<\/p>\n","protected":false},"featured_media":9818,"template":"","meta":{"_acf_changed":false},"product_brand":[],"product_cat":[29],"product_tag":[],"class_list":{"0":"post-2063","1":"product","2":"type-product","3":"status-publish","4":"has-post-thumbnail","6":"product_cat-accesorios","8":"first","9":"instock","10":"taxable","11":"shipping-taxable","12":"product-type-simple"},"acf":[],"_links":{"self":[{"href":"https:\/\/hydroglass.com.ar\/clientes\/wp-json\/wp\/v2\/product\/2063","targetHints":{"allow":["GET"]}}],"collection":[{"href":"https:\/\/hydroglass.com.ar\/clientes\/wp-json\/wp\/v2\/product"}],"about":[{"href":"https:\/\/hydroglass.com.ar\/clientes\/wp-json\/wp\/v2\/types\/product"}],"wp:featuredmedia":[{"embeddable":true,"href":"https:\/\/hydroglass.com.ar\/clientes\/wp-json\/wp\/v2\/media\/9818"}],"wp:attachment":[{"href":"https:\/\/hydroglass.com.ar\/clientes\/wp-json\/wp\/v2\/media?parent=2063"}],"wp:term":[{"taxonomy":"product_brand","embeddable":true,"href":"https:\/\/hydroglass.com.ar\/clientes\/wp-json\/wp\/v2\/product_brand?post=2063"},{"taxonomy":"product_cat","embeddable":true,"href":"https:\/\/hydroglass.com.ar\/clientes\/wp-json\/wp\/v2\/product_cat?post=2063"},{"taxonomy":"product_tag","embeddable":true,"href":"https:\/\/hydroglass.com.ar\/clientes\/wp-json\/wp\/v2\/product_tag?post=2063"}],"curies":[{"name":"wp","href":"https:\/\/api.w.org\/{rel}","templated":true}]}}