{"id":1666,"date":"2024-03-10T02:08:28","date_gmt":"2024-03-10T05:08:28","guid":{"rendered":"https:\/\/hydroglass.com.ar\/clientes\/?post_type=product&#038;p=1666"},"modified":"2026-03-16T12:13:52","modified_gmt":"2026-03-16T15:13:52","slug":"anti-espia-ultrahd-25-laminas","status":"publish","type":"product","link":"https:\/\/hydroglass.com.ar\/clientes\/producto\/anti-espia-ultrahd-25-laminas\/","title":{"rendered":"Premium Anti Esp\u00eda UltraHD &#8211; 25 L\u00e1minas"},"content":{"rendered":"<p><strong>Presentaci\u00f3n:<\/strong><br \/>\nPack de 25 unidades<\/p>\n<p><strong>Ideal para:<\/strong><\/p>\n<ul>\n<li>Cualquier cliente que desee proteger el contenido de su pantalla de la vista de otros clientes.<\/li>\n<li>Valore el acabado Brillante (Glossy)<\/li>\n<li>No utilice la huella en pantalla como sistema de desbloqueo<\/li>\n<\/ul>\n<p><strong>Tama\u00f1o m\u00e1ximo de pantalla:<\/strong><br \/>\nHasta 7&#8242;<\/p>\n","protected":false},"excerpt":{"rendered":"<p>Las l\u00e1minas Anti Esp\u00eda protegen la pantalla ante golpes y miradas indiscretas, ya que <strong>bloquea la visi\u00f3n en \u00e1ngulos de 30\u00b0 o mayores<\/strong>, impidiendo que terceros puedan ver el contenido de la pantalla. Nuestra<strong> versi\u00f3n UltraHD es \u00fanica en el mercado<\/strong>, ofreciendo una terminaci\u00f3n brillante de m\u00e1xima calidad, conservando el brillo de la pantalla y ahorrando bater\u00eda.<\/p>\n","protected":false},"featured_media":4804,"template":"","meta":{"_acf_changed":false},"product_brand":[103],"product_cat":[28],"product_tag":[],"class_list":{"0":"post-1666","1":"product","2":"type-product","3":"status-publish","4":"has-post-thumbnail","6":"product_brand-hydroglass","7":"product_cat-lamina-para-celulares","9":"first","10":"instock","11":"sale","12":"taxable","13":"shipping-taxable","14":"product-type-simple"},"acf":[],"_links":{"self":[{"href":"https:\/\/hydroglass.com.ar\/clientes\/wp-json\/wp\/v2\/product\/1666","targetHints":{"allow":["GET"]}}],"collection":[{"href":"https:\/\/hydroglass.com.ar\/clientes\/wp-json\/wp\/v2\/product"}],"about":[{"href":"https:\/\/hydroglass.com.ar\/clientes\/wp-json\/wp\/v2\/types\/product"}],"wp:featuredmedia":[{"embeddable":true,"href":"https:\/\/hydroglass.com.ar\/clientes\/wp-json\/wp\/v2\/media\/4804"}],"wp:attachment":[{"href":"https:\/\/hydroglass.com.ar\/clientes\/wp-json\/wp\/v2\/media?parent=1666"}],"wp:term":[{"taxonomy":"product_brand","embeddable":true,"href":"https:\/\/hydroglass.com.ar\/clientes\/wp-json\/wp\/v2\/product_brand?post=1666"},{"taxonomy":"product_cat","embeddable":true,"href":"https:\/\/hydroglass.com.ar\/clientes\/wp-json\/wp\/v2\/product_cat?post=1666"},{"taxonomy":"product_tag","embeddable":true,"href":"https:\/\/hydroglass.com.ar\/clientes\/wp-json\/wp\/v2\/product_tag?post=1666"}],"curies":[{"name":"wp","href":"https:\/\/api.w.org\/{rel}","templated":true}]}}